*h - 14. Let a be z(-8). Let d = 22 - a. Suppose 0 = d*k - 8*k + 404. What is the hundreds digit of k?
1
Let o be 1 - (-14)/(-35)*-10. Let i(g) = 40*g**2 - 6*g + 25. What is the hundreds digit of i(o)?
9
Let c(f) = -f**2 - f - 2*f + 3 - 3*f. Let z be c(-6). Suppose 1 = z*y - 122. What is the units digit of y?
1
Suppose -8*l - 1760 + 312 = 0. What is the units digit of 12/8 - l/2?
2
Let f = -4999 - -8261. What is the units digit of f?
2
Suppose -8*v = -23 - 9. Let z(q) = -2*q**3 - 6*q**2 + 8*q - 4. Let t be z(-7). Suppose -2*d + t = 5*m, d - v*m = 2*d - 163. What is the tens digit of d?
7
Let n = 169 - 168. Suppose -r = -3*r + 4. What is the hundreds digit of (1 + r)/n + (17 - -90)?
1
Let d(w) be the first derivative of 287*w**3/3 - 7*w**2/2 + 8*w - 78. What is the tens digit of d(1)?
8
Let b(f) = 2*f**3 + 2*f**2 - 4*f - 12. Let t be b(7). Let d = t + -43. Suppose 0 = -9*u + 775 + d. What is the tens digit of u?
6
Let l(w) = 3*w**2 - 3*w + 3. Let t = 11 - 9. Let k be l(t). Let r(c) = -c**3 + 11*c**2 - 10*c + 19. What is the tens digit of r(k)?
9
Let v(w) = 5*w + 43. Let r be v(-8). Let d be ((-1)/r)/(1/(-9)). Suppose -d*q + 33 = -39. What is the tens digit of q?
2
Let i(k) = -k**3 + 9*k**2 + 5*k - 11. Let b(r) = -26 + 22 - 3*r + 12*r. Let q be b(1). What is the units digit of i(q)?
4
Let d(q) = 7*q**3 - q**2 - 3*q + 2. Suppose 78*p = 71*p + 21. What is the units digit of d(p)?
3
Let l be 3 - (-6 + -8)/7. Suppose -2*t - l*t = -2086. What is the units digit of t?
8
Suppose -4*v + 515 + 587 = r, 9 = -3*v. Let q = r + 179. What is the tens digit of q?
9
Suppose -89*j = -617323 + 175705. What is the thousands digit of j?
4
Let l be 71/((13 - 5)/(-8)). Let w(i) = i**3 - i**2 - 2*i + 66. Let z be w(0). Let s = z - l. What is the units digit of s?
7
Suppose -59386 = -21*n + 53615. What is the thousands digit of n?
5
Let h be 15/5 - (-2770)/2. Suppose 8*v + 348 = h. Let z = v + -82. What is the tens digit of z?
4
Let v be 54*((-10)/(-15))/1. Suppose -2*m + v = m. What is the tens digit of (6/m)/((-2)/(-300))?
7
What is the units digit of -2 + (2 - (-10)/(-2)) + 59747?
2
Suppose -4*q = -20, -23010 - 33475 = -5*m - 7*q. What is the thousands digit of m?
1
Suppose -2*g = 8, -y + 6*y + 2*g - 627 = 0. Suppose -x + y = -339. What is the units digit of x?
6
Let w(b) = -2*b**2 - 3*b + 39. Let h be w(-5). Suppose -55 = -h*m - 3*y, 7*m - 6*m = -5*y + 18. What is the tens digit of m?
1
Let y = -175 + 120. What is the tens digit of (y/44)/((-1)/92)?
1
Let f = 25 - 11. Suppose -3*n = -7 - f. What is the units digit of 0 - (n + -4) - -8?
5
Suppose -3*z = -1 + 4. Let k be ((-9)/(4 + z))/3. What is the tens digit of (55 - (3 + 0)) + k + 4?
5
Suppose -4*g + 4*d = 0, 8 - 6 = d. Let x(z) = 83*z**2 - 2*z + 1. What is the units digit of x(g)?
9
Let g = -2117 - -1141. Let t = g - -318. Let p = -441 - t. What is the hundreds digit of p?
2
Let d(p) = p**3 - 25*p**2 - 55*p + 30. Let k be d(27). Suppose -444 = -2*i - 2*o, 5*i - 888 = i - k*o. What is the hundreds digit of i?
2
Suppose -2*s + 2*j = -8, 3*s - j - 6 = s. Suppose -496 = -s*k - 206. Let v = k - 87. What is the units digit of v?
8
Let a(k) = 194*k + 32*k + 54 + 64 + 18*k + 6. What is the hundreds digit of a(3)?
8
Suppose -23 = 2*h - 9. Let o be ((-77)/5 + -1)*(-2 - h). What is the tens digit of 3 + -1*(o + 4)?
8
Suppose -2*t + z = -2328, 997 = 2*t + 2*z - 1331. Suppose 65*a = 62*a + t. What is the hundreds digit of a?
3
Let u = -66 - -94. Suppose -4*t + 4*n + u = 0, -4*t + 2*n = 2 - 22. Suppose t*d = 5*s - 200 + 624, -d = -s - 144. What is the tens digit of d?
4
What is the hundreds digit of 5/4 + (-13545)/(-60)?
2
Let g = -319 + 256. What is the hundreds digit of 828/(-54)*g/6?
1
Let h = 9780 - 6981. What is the units digit of h?
9
Let d(s) = 28*s + 26. Let b be d(-6). Let c = -47 - 11. Let p = c - b. What is the units digit of p?
4
What is the tens digit of -3 - (901021/(-143) - 6/39)?
9
Let k be 3 - (998 + 10/(-5)). Let o = k + 1511. What is the hundreds digit of o?
5
Let m = 1372 + 6071. What is the thousands digit of m?
7
Let a = 11 + -11. Suppose 2*c + 4*q = -18 + 64, -3*q = a. Suppose -4*u = -5*t - 122, -105 = -3*u - t - c. What is the units digit of u?
8
Let z = 11325 + -8185. What is the thousands digit of z?
3
Let g(i) = -i**3 + 3*i**2 + 3*i - 6. Let l be g(3). Suppose -10*j - l*f - 261 = -11*j, -5*j + 1265 = -5*f. What is the units digit of j?
9
Let g(l) = 2*l**2 - 68. Suppose 49*c + 199 - 591 = 0. What is the units digit of g(c)?
0
Let v(b) = 2*b + 24. Let k be v(-10). Suppose k*n - 4 = 2*n. What is the tens digit of ((n - 37)/(-1))/(-2 + 3)?
3
Let r(y) = -2315*y + 20. What is the thousands digit of r(-9)?
0
Let o(d) = -46*d - 78. Let w = -196 - -179. What is the tens digit of o(w)?
0
Let j be (2 - (2522 - 4))*6/(-8). What is the hundreds digit of j/5 + 48/(-120)?
3
Let b(a) = 106*a + 709. What is the hundreds digit of b(20)?
8
Let r = 24075 + -14515. What is the thousands digit of r?
9
Let j be 3646/(-7 - -6 - -3). Let v = 2558 - j. What is the tens digit of v?
3
Let d be (-2440)/(-50) + 2/10. What is the units digit of 49/d - 6/(-2 - 0)?
4
Let o(y) be the second derivative of -y**4/4 - 35*y**3/2 + 8*y**2 + 2*y + 1. What is the hundreds digit of o(-31)?
3
Suppose g = -2*t + 32024, 7*t + 16022 = 8*t + 3*g. What is the thousands digit of t?
6
Let b be ((-153)/(-102))/((-6)/(-152)). Suppose -b*c = -60*c + 4444. What is the units digit of c?
2
Let d be (-8)/1 + 9 + -7. What is the units digit of 106*(-84)/16*4/d?
1
Let l = -27 + -137. Let d(z) = 194*z - 1503. Let f be d(9). Let k = l + f. What is the units digit of k?
9
Let q(c) = -4*c**3 + 10*c**2 + 17*c - 18. What is the tens digit of q(-9)?
5
Let n(c) = -c**2 - 18*c. Suppose -7*v = -11*v - 328. Let u = v - -71. What is the tens digit of n(u)?
7
Suppose 5*w = -45 - 0. Let y be -1 + w/(-3) + 0 - 2. Suppose y*m + 4*i + 91 = 3*m, -2*m = -i - 59. What is the units digit of m?
9
Let b(u) = -u**3 - 19*u**2 - 20*u - 22. Let r be b(-13). Let m = -488 - r. What is the tens digit of m?
8
Let w(y) = -3*y**3 - 24*y**2 - 365*y - 16. What is the hundreds digit of w(-16)?
9
Let j = -26411 - -66584. What is the ten thousands digit of j?
4
What is the units digit of 3 + 2 - (26 + -6437)?
6
Let a be (14/35)/(8/(-20)). What is the tens digit of -2302*((-10)/(-40))/(a/2)?
5
Suppose -163057 = -13*q - 4*m, 0 = 7*q - 3*q + 2*m - 50166. What is the hundreds digit of q?
5
Suppose 19 + 5 = 3*b. Suppose 0 = -3*f - 4 - b, -1 = i + f. Suppose i*v + v = 60. What is the units digit of v?
5
Suppose 0 = -593*a + 478*a + 3314530. What is the units digit of a?
2
Let j(s) = -2*s**2 - 25*s + 6. Let n be j(-12). Let l(c) = -9*c - 10*c + n*c + c**3 + 0*c**3. What is the tens digit of l(4)?
6
Let g be (-3)/5*195/(-13). Suppose g*h + 0*h = 279. Suppose 29*c + 22 = h*c. What is the tens digit of c?
1
Suppose -10*c = -15*c + 15. Suppose 4*l = -c*p + 1812 - 398, -1424 = -3*p + l. What is the units digit of p?
4
Suppose 32423 = 5*p + 4*d, -5*d + 3*d = -3*p + 19467. What is the units digit of p?
7
Suppose 0 = 3*f - 4*c - 9 + 11, f + c = 4. Suppose -3*b - f*b - 20 = 0, g + 2*b = 234. Suppose 2*o + 28 = g. What is the tens digit of o?
0
Let b(d) = -39*d - 77. Let a be b(15). Let k = -241 - a. What is the tens digit of k?
2
Let m = 350 - 350. Let k(i) = 0*i - i**2 + 2*i**2 + i - 2*i + 99. What is the units digit of k(m)?
9
Let f = 48335 + -27635. What is the units digit of f?
0
Suppose 388813 = 40*u - 1481627. What is the tens digit of u?
6
Suppose 165 + 280 = 5*w. Let p = w - 75. What is the units digit of p?
4
Let h(r) = -3093*r + 3812. What is the ten thousands digit of h(-13)?
4
Suppose -3*d = 0, -5*h + 4*h - 4*d + 6 = 0. Suppose -h*q + 1334 = -3892. What is the hundreds digit of q?
8
What is the tens digit of (1 + (-12 - 1))*1477/(-2)?
6
Suppose 2*n = -5*i + 10592, -6380 = -3*i + 13*n - 8*n. Suppose -1515 - i = -5*x. What is the tens digit of x?
2
Let m(g) = 104*g**2 - 15 - 204*g**2 + 102*g**2. Let q = 26 + -17. What is the tens digit of m(q)?
4
Let s be ((-72)/(-42))/((-2)/21 + 0). Let t(o) = o**2 + 17*o + 33. What is the tens digit of t(s)?
5
Suppose 31*k + 3549 = 18*k. What is the hundreds digit of (-39013)/k - 6/(-63)?
1
Let u(v) = v**3 + 136*v**2 + 2445*v - 287. What is the thousands digit 